6 - 2?
1112424
In base 14, what is -5416 + 152c?
-3cc8
In base 14, what is 13497 + -b?
1348a
In base 11, what is 4a1 + 2aa863?
300254
In base 3, what is 2100000110 + -1222210?
2021000200
In base 2, what is 111000101101011100011010 - -101?
111000101101011100011111
In base 6, what is -2 + -23050341?
-23050343
In base 4, what is -1003001110 - 21?
-1003001131
In base 15, what is -2 + -198d95bc?
-198d95be
In base 14, what is -d5adc36 + -5?
-d5adc3b
In base 15, what is 6 + 45b3c8a?
45b3c91
In base 10, what is 1166056 - -4?
1166060
In base 14, what is -143b1 + -4a8?
-14879
In base 2, what is -10010100100010110101111 - 111?
-10010100100010110110110
In base 15, what is -6 + 9d7a35?
9d7a2e
In base 4, what is 3 + -3220121013?
-3220121010
In base 16, what is 5bf1e4e - 4?
5bf1e4a
In base 12, what is -1751 - 2897?
-4428
In base 7, what is -4312224264 - 0?
-4312224264
In base 15, what is da4e37 - 31?
da4e06
In base 4, what is 202213121 + -2322?
202210133
In base 4, what is 11 - -22310223303000?
22310223303011
In base 5, what is -32414030 + 433?
-32413042
In base 4, what is -20 - 323130123232?
-323130123312
In base 5, what is 1 + 1011443232?
1011443233
In base 2, what is 101000000 + -10100010001010100000?
-10100010000101100000
In base 14, what is -52 + aa0695?
aa0643
In base 13, what is 0 + -b8741?
-b8741
In base 10, what is 411 - -9464?
9875
In base 12, what is 23236a1 + -2?
232369b
In base 3, what is -122212 + -110200012001?
-110200211220
In base 13, what is 2964263 - -26?
2964289
In base 15, what is -35b578 + -28?
-35b5a1
In base 11, what is -862014 - 33?
-862047
In base 13, what is 0 + -1c4a92c3?
-1c4a92c3
In base 4, what is 211012 + 3012200?
3223212
In base 12, what is 33795 - -535b?
38b34
In base 7, what is -46512 - 22666?
-102511
In base 12, what is -88492 + 7?
-88487
In base 11, what is -4 - 27810346?
-2781034a
In base 2, what is -111011111110101100 - 1010?
-111011111110110110
In base 7, what is -5202 - 5364?
-13566
In base 8, what is -11 + 10570733?
10570722
In base 2, what is 1110000100 - 1000111110?
101000110
In base 8, what is 241504 + 4223?
245727
In base 3, what is -2200 + 1000122222102?
1000122212202
In base 10, what is -3332808 + 1?
-3332807
In base 4, what is 11022112 + 20322?
11103100
In base 8, what is 505747 - -6?
505755
In base 6, what is 15502 + -221330?
-201424
In base 3, what is -1011000122100011 - -1101?
-1011000122021210
In base 16, what is -44 - -a1f7a?
a1f36
In base 2, what is 10111 + -11000111101010011?
-11000111100111100
In base 7, what is 0 - 3565416?
-3565416
In base 4, what is -20000333 - 1102?
-20002101
In base 10, what is -39147 - 981?
-40128
In base 3, what is -12211 - -210101111020?
210101021102
In base 15, what is 45b9 + -2c92?
1827
In base 14, what is 3120c - -2c?
3123a
In base 11, what is 23871a - -330?
238a4a
In base 8, what is -2 - 1414276?
-1414300
In base 13, what is -95a86 + 13a?
-95949
In base 12, what is -7126b - -2b1b?
-6a350
In base 7, what is -12332 + 34401?
22036
In base 11, what is 45684352 + -5?
45684348
In base 10, what is 855089 + -2?
855087
In base 7, what is 20113 + 4605?
25021
In base 15, what is 20537c5 - 8?
20537bc
In base 12, what is -17712 + 44a?
-17284
In base 2, what is -101101 - -101001110101011000101?
101001110101010011000
In base 6, what is -34 + 112443245?
112443211
In base 16, what is d0a3c + -8?
d0a34
In base 6, what is 14500 + -13512?
544
In base 10, what is 33626 + 12?
33638
In base 4, what is 10 + -102302102122?
-102302102112
In base 14, what is -32a95440 - -1?
-32a9543d
In base 9, what is -26235805 - -1?
-26235804
In base 13, what is 1 + -155b939?
-155b938
In base 10, what is 2 + 711209?
711211
In base 15, what is -c3d - 71c?
-145a
In base 4, what is 0 + -20110133230332?
-20110133230332
In base 5, what is 231 - 10233103?
-10232322
In base 12, what is 17b288 + -27?
17b261
In base 10, what is 167 + -7488?
-7321
In base 4, what is 11 + -201300331300?
-201300331223
In base 15, what is 885939e - 1?
885939d
In base 4, what is -1103122111 - -113?
-1103121332
In base 10, what is 8275845 + 56?
8275901
In base 7, what is -16 + 324122?
324103
In base 10, what is 179 - 254272?
-254093
In base 6, what is -1031 + -1255221?
-1300252
In base 4, what is -121 + 2322320333?
2322320212
In base 10, what is 241 + 607931?
608172
In base 15, what is 29757c - 0?
29757c
In base 10, what is 50 - -1848716?
1848766
In base 8, what is 15247774 + -1?
15247773
In base 5, what is 2100000132 - -1?
2100000133
In base 3, what is -21 + 1112011112210202?
1112011112210111
In base 13, what is 2c450b - c?
2c44cc
In base 12, what is b74 + a71?
1a25
In base 6, what is -312044 + 2502?
-305142
In base 16, what is -29c0760 - 3?
-29c0763
In base 5, what is 103 - -22414340?
22414443
In base 9, what is -4 - 3070843?
-3070847
In base 12, what is 708 + 2956?
3462
In base 7, what is -2416051 - -25?
-2416023
In base 4, what is -11 + 101112131002?
101112130331
In base 10, what is 323810 + 128?
323938
In base 13, what is -4183b + -601?
-4213c
In base 10, what is 1193528908 + -1?
1193528907
In base 9, what is -3 + -4868478?
-4868482
In base 5, what is -111213024 - 4422?
-111223001
In base 14, what is -2687 + -893?
-313a
In base 3, what is -211202100 - -102102022?
-102100001
In base 16, what is 2a4873 + -4?
2a486f
In base 3, what is 0 + -221201210202111?
-221201210202111
In base 6, what is -13 + 120323341?
120323324
In base 14, what is 699b + 1419?
7db6
In base 5, what is 2 + -3023343244?
-3023343242
In base 4, what is -202 + 233201203?
233201001
In base 11, what is -195187622 + -3?
-195187625
In base 6, what is 24 + -423314552?
-423314524
In base 10, what is -2 + -1581791?
-1581793
In base 14, what is -97d58 - dc?
-98056
In base 5, what is -12231 - 20411402?
-20424133
In base 11, what is 41027795 + -5?
41027790
In base 10, what is -122126410 + -2?
-122126412
In base 3, what is 2021101 + 22110212?
101202020
In base 16, what is f3 - -13805?
138f8
In base 4, what is -2000 + 211321110?
211313110
In base 16, what is 5c19b - 1ae?
5bfed
In base 4, what is 100 + -103101330?
-103101230
In base 12, what is -3 + 20852656?
20852653
In base 8, what is 1040024 + 75?
1040121
In base 3, what is -11202002102120100 - 2?
-11202002102120102
In base 9, what is -11673360 - 40?
-11673410
In base 15, what is 260c921 - 8?
260c918
In base 16, what is 2b1a + -946?
21d4
In base 4, what is 232333201 + -3200?
232330001
In base 4, what is 12310031201 + 2211?
12310100012
In base 7, what is 132535034230 - 5?
132535034222
In base 4, what is 22222103022 - -10?
22222103032
In base 15, what is -1d8221b + 47?
-1d821c4
In base 15, what is 39 + -350b4?
-3507a
In base 14, what is 30d640c - 3?
30d6409
In base 8, what is 6371 + -405?
5764
In base 9, what is -56413 + -561?
-57074
In base 10, what is 13988675 + -1?
13988674
In base 3, what is -1220 + -212122220021?
-212122222011
In base 8, what is 7 - 11032554?
-11032545
In base 16, what is -c7 + -4307a3?
-43086a
In base 13, what is -11 - -1344519?
1344508
In base 10, what is 2568516 + -8?
2568508
In base 14, what is 114a62 + 2?
114a64
In base 6, what is 5 - -124325504?
124325513
In base 6, what is -2 + 4001522420?
4001522414
In base 12, what is bb7690 - -160?
bb7830
In base 5, what is -1304111232 - 123?
-1304111410
In base 12, what is 3707b6b - 0?
3707b6b
In base 4, what is 113213 + 10011020?
10130233
In base 5, what is -42142104 - -3023?
-42134031
In base 8, what is -3 + -302656256?
-302656261
In base 13, what is 86ca + 17337?
22a34
In base 6, what is -112343104 - 10?
-112343114
In base 14, what is -8d0 + -1305a0?
-131090
In base 4, what is 32003133020 - -30?
32003133110
In base 6, what is -534221 + 3133?
-531044
In base 11, what is -35 + 86140?
86106
In base 5, what is 2213323020 + -20?
2213323000
In base 4, what is -20212203313 - 200?
-20212210113
In base 9, what is -1233 - 40868?
-42212
In base 7, what is 613 - 224430?
-223514
In base 3, what is 210222020221 + 1?
210222020222
In base 16, what is 7 + 45d66da?
45d66e1
In base 11, what is 22 + 2a3260?
2a3282
In base 2, what is 100010010010101111001100111111 + -11?
100010010010101111001100111100
In base 6, what is 110244 + -211134?
-100450
In base 14, what is b1a54 - -2?
b1a56
In base 6, what is 1001 + -50205240?
-50204235
In base 15, what is -7 - -3765192?
376518a
In base 7, wha